 divided by 13.
12
Suppose -3*h = q - 74, 0 = 5*q - 2*q + 2*h - 257. Calculate the remainder when q is divided by 23.
20
Suppose -w - 27 - 26 = -4*d, 2*d = w + 27. Suppose -6*r + r + 245 = 0. What is the remainder when r is divided by d?
10
Suppose 0 = -4*f - 3*f + 399. What is the remainder when f is divided by 15?
12
Suppose -5*u + 4 = -1. Suppose -3*x - 1 = 4*h - 17, -3*h + 12 = -3*x. Suppose b = m - 3 - x, -4 = 2*b. What is the remainder when u is divided by m?
0
Suppose b - 3*c = 4, b + 4 = 4*c + 8. Suppose -y - 2*y = f - 9, 0 = 4*f + b*y - 28. Suppose -4*w = -3*w - 17. What is the remainder when w is divided by f?
5
Suppose -2*n = -4*g - 3*n + 24, -2*n + 8 = 0. Suppose 8 = g*l - r, 4*r - 18 = -4*l - r. Suppose -l*f - f = -30. Calculate the remainder when 29 is divided by f.
9
Suppose -j - 9 - 5 = -5*y, -5*j + 5 = 0. Let m = 2 - -2. Let z(d) = 3*d - 4. Calculate the remainder when z(m) is divided by y.
2
Let f = 21 + -8. Suppose -35 + f = -a. What is the remainder when 63 is divided by a?
19
Suppose 2*k = -2*b + 136, -2*b - k + 139 = 2*k. Let x = b + -45. Suppose 0 = -0*o + 5*o - x. Calculate the remainder when 11 is divided by o.
3
Let q = -48 + 82. Let w(u) = -u**3 + 5*u**2 + 7*u + 6. What is the remainder when q is divided by w(6)?
10
Let l = -3 + 5. Suppose 4*q = -5*t + 96, -l*t - 26 = -2*q + t. What is the remainder when 55 is divided by q?
17
Suppose 69 = m - 109. Calculate the remainder when m is divided by 30.
28
Suppose -5*n = -4*y - 213, 5*y + 228 = 5*n + 6*y. What is the remainder when n is divided by 16?
13
Let h = -40 - -70. Suppose -3*s + 64 = -4*f, 3*s - 28 = -14*f + 9*f. Calculate the remainder when h is divided by s.
14
Let u = -242 + 470. Calculate the remainder when u is divided by 46.
44
Let r(u) = 0*u**2 + 7*u**2 - 1 + 0*u + u. Let k be r(3). Suppose -4*l - l + k = 0. Calculate the remainder when 38 is divided by l.
12
Let m(k) = 4*k**2 - 8*k + 3. Calculate the remainder when 25 is divided by m(3).
10
Let a(g) = 2*g**2 - 24*g - 3. Calculate the remainder when a(14) is divided by 7*2 + 4 + -4.
11
Let o be (40/(-15))/((-2)/(-12)). Let l = o - -24. Calculate the remainder when 30 is divided by l.
6
Suppose 3*i - 5 - 43 = 0. Suppose 5*m = -3*o + i, -1 = 2*o - 5. Calculate the remainder when (m/2)/(2/28) is divided by 5.
4
Suppose -63 - 3 = -3*w. Calculate the remainder when w is divided by 12.
10
Let x = -6 + 9. Suppose -4*m = x*c - 4, -9 = -5*c - m + 9. Calculate the remainder when 11 is divided by c.
3
Suppose 0 = -5*o - 3*h + 90, 5*o + h - 59 - 21 = 0. Let p = o + -9. What is the remainder when 11 is divided by p?
5
Suppose 8 = 3*r - w + 2*w, 4*r + 2*w = 8. Let l = 8 - r. Suppose o + l = 3*o. Calculate the remainder when 3 is divided by o.
1
Let d = 111 - 53. Calculate the remainder when (d/(-4))/((-2)/4) is divided by 16.
13
Let m(s) = 2*s - 12. Let z be m(6). Suppose -2*y - 30 + 80 = z. Calculate the remainder when y is divided by 9.
7
Let x = 36 + -22. Let j(c) = c**2 + 3*c - 3. What is the remainder when j(-7) is divided by x?
11
Let l = 5 + -2. Let s = -5 + 10. Calculate the remainder when s is divided by l.
2
Suppose -89 = -5*p - 4. What is the remainder when 32 is divided by p?
15
Suppose -2*a + 5*a - 18 = 0. Suppose g - a = 23. Suppose -5*v - 3*f + 54 = f, 0 = -v + 5*f + 5. Calculate the remainder when g is divided by v.
9
Let r(p) = -2*p**2 + 2. Let v be r(-2). Let j(g) = g**2 + 1. Let o = 13 - -6. Calculate the remainder when j(v) is divided by o.
18
Suppose -1 = -3*n + 20. Suppose n = w + 3*u, w - 3*u = -0*u - 17. What is the remainder when (-2)/w + (-616)/(-35) is divided by 5?
3
Suppose -4*f + 24 = -2*l, 3*l = -0*f + 3*f - 21. Suppose -w - f*j - 6 = 0, -2 = 2*w - 2*j - 26. Calculate the remainder when 17 is divided by w.
8
Let h(v) = 2*v - 2. Suppose 10*i - 5*i - 15 = 0, -i - 3 = 3*g. Calculate the remainder when h(6) is divided by (4 - 3) + 5 + g.
2
Let c(u) = u**2 + 10*u + 4. What is the remainder when 4 is divided by c(-10)?
0
Let p(x) = -x + 37. Calculate the remainder when p(12) is divided by (13 - 2)/1 - -2.
12
Suppose 4*y + p = 22, 6*y - y - 35 = -5*p. Calculate the remainder when 7 is divided by y.
2
Suppose 2*m - 38 = 30. Let p be m/(-8) - 1/(-4). What is the remainder when (-4 + 2)/(p/22) is divided by 4?
3
Let p(v) = v**2 - 10*v - 12. Let m be p(10). Suppose 0 = y - 2*f - 9, -2*y + 0*f + 10 = 4*f. Calculate the remainder when (3 - (-28)/m)*30 is divided by y.
6
Suppose 5*v + 173 = 53. Let n = v - -61. Calculate the remainder when n is divided by 19.
18
Suppose 8 = -d + 2*w, 2*w = 3*d + 2 + 6. Let t = 2 + d. Suppose t*p - 17 = p. Calculate the remainder when p is divided by 10.
7
Let c(m) = -12*m**2 - m + 3. Let i be c(3). Let n = 29 + i. Calculate the remainder when (-8)/(-36) + n/(-9) is divided by 4.
1
Suppose 5*p - 75 = 45. Suppose 5*o = -4*k, 4*o - 5*k = -0*o + 41. What is the remainder when p is divided by 126/10 - o/(-10)?
11
Suppose 5*k - 2*k = -3*w + 42, 4*k + 7 = 3*w. What is the remainder when 42 is divided by w?
6
Suppose -9*r = -6*r - 30. Suppose 3*q = -n + 28 + 338, 3*q = -2*n + 366. Suppose 27 = -5*d + q. What is the remainder when d is divided by r?
9
Let t(g) = -g - 4. Calculate the remainder when (3 - 13)*(-4)/10 is divided by t(-7).
1
Suppose -3*f - 5*j + 16 = 0, 2*f + 4*j + 32 = 6*f. Let b = 4 - f. Let v = 12 + b. Calculate the remainder when 16 is divided by v.
7
Let b = -248 + 350. Calculate the remainder when b is divided by 26.
24
Let y(w) = w**2 - 3*w + 4. Calculate the remainder when y(5) is divided by 4.
2
Suppose 44 - 197 = -9*f. Calculate the remainder when 23 is divided by f.
6
Suppose -2*d = -6*u + 3*u + 6, -10 = -d - 5*u. Let f be ((-7)/(-2) - 3)*8. Suppose d = a - 12 + f. Calculate the remainder when 23 is divided by a.
7
Let s = 14 + 32. Calculate the remainder when s is divided by (-1 + (-5)/(-2))*8.
10
Let c(w) = -w**3 - 2*w**2 + 5*w - 1. Let l be c(-4). Suppose l - 44 = -3*y. Calculate the remainder when 41 is divided by y.
8
Suppose -3*h + 152 = -5*x, -5*h = x - 4*x - 88. Let u = -16 - x. Let n = 27 - u. Calculate the remainder when 35 is divided by n.
11
Suppose -3*r - 2*r + 15 = 0. Let s(t) be the first derivative of 2*t**2 - 1. What is the remainder when s(2) is divided by r?
2
Suppose -3*v = -4*v + 10. Let a = 169 - 142. Calculate the remainder when a is divided by v.
7
Let m = 30 - 26. Let i(s) = 5*s. Let u(j) = 9*j. Let f(t) = -7*i(t) + 4*u(t). Calculate the remainder when 6 is divided by f(m).
2
Suppose -342 = -b - 5*b. Calculate the remainder when b is divided by 30.
27
Suppose v - 4*t = 8, t - 29 - 74 = -5*v. What is the remainder when 7*(6 - -2) + 1 is divided by v?
17
Suppose 18 + 57 = 3*f. Suppose -2 - 2 = o, -3*o = 3*m - 105. Suppose 0 = -0*a + 3*a - m. Calculate the remainder when f is divided by a.
12
Calculate the remainder when 4 is divided by 52/(-130) + (0 - 17/(-5)).
1
Let u = 5 - 11. What is the remainder when 21 is divided by 2/u + (-19)/(-3)?
3
Let c be ((-1)/2)/(1/(-8)). Suppose c*g - 45 = -g. Let l = -34 + 50. Calculate the remainder when l is divided by g.
7
Suppose 4*c = 232 + 8. Suppose 0 = d - 7*d + c. Let x(o) = o**3 + 6*o**2 - 3*o + 1. What is the remainder when x(-6) is divided by d?
9
Suppose 42 = -o + 52. Calculate the remainder when 18 is divided by o.
8
Suppose 5*f + 5*r - 24 - 6 = 0, -3*f + r = -10. Calculate the remainder when 13 is divided by f.
1
Suppose -26 = -2*w - 0*w. Let g(z) = -30*z + 7. Calculate the remainder when g(-1) is divided by w.
11
Let k = -106 + 215. Let j = -61 + k. Suppose -23 = -d + 3*l, -5*d + j + 35 = l. What is the remainder when d is divided by 9?
8
What is the remainder when 36/(-24) + 282/4 is divided by 14?
13
Let d = -7 + 9. Suppose -d*h + 139 = h + 5*y, 0 = -2*h - y + 102. Let i(a) = 19*a - 1. Calculate the remainder when h is divided by i(1).
17
Suppose c + 3 = 3*s + 6*c, -s - c + 3 = 0. Suppose h + s = 4*h. Calculate the remainder when 16 + (4 + -2)/h is divided by 9.
8
Let m(o) = o**2 - 2*o - 21. What is the remainder when 50 is divided by m(8)?
23
Suppose 2*y + 0*y - 2*s - 42 = 0, -6 = -2*s. Calculate the remainder when 45 is divided by y.
21
Suppose -y - 70 - 18 = -4*x, 111 = 5*x - y. Suppose 11*h - 20 = 46. Calculate the remainder when x is divided by h.
5
Let g(j) = -j**2 + 13*j 